ivide 3992550?
False
Is 447 a factor of 242466?
False
Does 1133 divide 21691285?
True
Is 13 a factor of 7772024?
True
Does 808 divide 5889501?
False
Does 611 divide 40408?
False
Does 37 divide 2152489?
False
Is 8 a factor of 4452264?
True
Is 259502 a multiple of 30?
False
Is 3 a factor of 444441?
True
Is 2942483 a multiple of 25?
False
Does 111 divide 5008764?
True
Does 8 divide 39370?
False
Is 339 a factor of 6928?
False
Is 234117 a multiple of 8?
False
Is 95270 a multiple of 20?
False
Does 47 divide 110240?
False
Is 37789 a multiple of 326?
False
Is 63 a factor of 15561?
True
Is 795 a factor of 4727982?
False
Is 1195650 a multiple of 75?
True
Is 56 a factor of 510552?
True
Does 12 divide 1324224?
True
Is 19849 a multiple of 81?
False
Does 108 divide 502633?
False
Is 402566 a multiple of 302?
True
Is 8 a factor of 166264?
True
Does 21 divide 47271?
True
Does 27 divide 11278?
False
Is 212 a factor of 445200?
True
Is 706 a factor of 6043848?
False
Is 1121406 a multiple of 33?
True
Is 27 a factor of 648?
True
Is 368070 a multiple of 3?
True
Does 7 divide 6311842?
False
Is 29 a factor of 419405?
False
Is 34905 a multiple of 6?
False
Is 2624963 a multiple of 11?
True
Is 441560 a multiple of 95?
True
Is 220350 a multiple of 130?
True
Is 31521294 a multiple of 24?
False
Is 1811594 a multiple of 389?
False
Is 273164 a multiple of 47?
True
Does 4 divide 579077?
False
Is 2315008 a multiple of 256?
True
Is 27 a factor of 328999?
False
Does 251 divide 414652?
True
Does 47 divide 260359?
False
Is 56 a factor of 2511539?
False
Does 294 divide 304237?
False
Is 516704 a multiple of 241?
True
Does 62 divide 2186368?
True
Does 19 divide 46740?
True
Is 1627964 a multiple of 20?
False
Does 3 divide 554927?
False
Is 49020 a multiple of 570?
True
Is 87232 a multiple of 7?
False
Does 12 divide 4224156?
True
Is 1911342 a multiple of 6?
True
Is 773 a factor of 2481697?
False
Does 3 divide 598757?
False
Is 29 a factor of 130616?
True
Is 326375 a multiple of 252?
False
Is 1036 a factor of 5998560?
False
Is 177 a factor of 86965?
False
Is 46180 a multiple of 39?
False
Is 718743 a multiple of 10?
False
Is 1472815 a multiple of 9?
False
Is 7 a factor of 35075?
False
Is 21 a factor of 6504330?
True
Is 53 a factor of 8091666?
False
Is 11 a factor of 191897?
False
Does 47 divide 284538?
True
Is 5287825 a multiple of 1019?
False
Is 227810 a multiple of 27?
False
Does 6 divide 4645?
False
Does 133 divide 11538546?
False
Is 2405028 a multiple of 174?
True
Does 724 divide 970160?
True
Is 209 a factor of 673140?
False
Is 6957102 a multiple of 6?
True
Is 3393960 a multiple of 30?
True
Is 63180 a multiple of 468?
True
Does 11 divide 42724?
True
Is 966730 a multiple of 617?
False
Is 4495244 a multiple of 274?
True
Is 346 a factor of 6540?
False
Is 257487 a multiple of 223?
False
Is 142306 a multiple of 178?
False
Is 11 a factor of 826980?
True
Is 36 a factor of 4387320?
True
Is 130935 a multiple of 615?
False
Does 275 divide 19834650?
True
Is 4057452 a multiple of 162?
True
Is 193 a factor of 216353?
True
Is 7449056 a multiple of 270?
False
Is 1533196 a multiple of 10?
False
Is 1761095 a multiple of 29?
False
Does 642 divide 6229968?
True
Does 31 divide 885?
False
Is 904 a factor of 5059688?
True
Does 105 divide 17220?
True
Is 14 a factor of 410909?
False
Is 68 a factor of 689621?
False
Is 301438 a multiple of 516?
False
Is 2583963 a multiple of 486?
False
Is 52226 a multiple of 211?
False
Does 67 divide 8560858?
True
Is 157 a factor of 1000659?
False
Is 11737 a multiple of 4?
False
Does 4 divide 75444?
True
Is 137 a factor of 1136415?
True
Does 22 divide 143891?
False
Does 12 divide 50460?
True
Is 113 a factor of 1846759?
True
Is 91 a factor of 4914?
True
Is 1365287 a multiple of 752?
False
Is 25 a factor of 942605?
False
Does 141 divide 2450298?
True
Does 117 divide 47180?
False
Is 2252298 a multiple of 38?
True
Is 777739 a multiple of 10?
False
Does 52 divide 15652?
True
Is 313436 a multiple of 131?
False
Is 99522 a multiple of 291?
True
Does 319 divide 17733?
False
Does 97 divide 84196?
True
Does 16 divide 6601360?
True
Is 170 a factor of 200886?
False
Is 533 a factor of 7616776?
False
Does 3 divide 73973?
False
Is 1386097 a multiple of 10?
False
Is 744 a factor of 222865?
False
Is 35742 a multiple of 7?
True
Is 160720 a multiple of 196?
True
Does 47 divide 3571386?
False
Is 211700 a multiple of 50?
True
Is 2001466 a multiple of 39?
False
Does 58 divide 439840?
False
Does 4 divide 61841?
False
Is 60 a factor of 105855?
False
Does 660 divide 460680?
True
Is 3715344 a multiple of 20?
False
Is 60877 a multiple of 21?
False
Does 83 divide 473568?
False
Is 60 a factor of 179580?
True
Does 6 divide 995160?
True
Is 316 a factor of 2557072?
True
Does 3 divide 1147?
False
Is 60 a factor of 1528595?
False
Is 307125 a multiple of 13?
True
Does 134 divide 1594621?
False
Does 11 divide 6416938?
True
Does 41 divide 858607?
False
Is 2491398 a multiple of 702?
True
Does 3 divide 9608?
False
Does 57 divide 2445186?
True
Does 446 divide 10926672?
False
Is 23848 a multiple of 651?
False
Does 52 divide 2781220?
True
Is 320819 a multiple of 159?
False
Is 74 a factor of 1904016?
False
Does 12 divide 19461?
False
Does 26 divide 7549516?
True
Does 303 divide 1113525?
True
Does 7 divide 54381?
False
Is 94 a factor of 6488265?
False
Is 513876 a multiple of 68?
True
Is 357 a factor of 542208?
False
Is 93 a factor of 1546?
False
Is 149174 a multiple of 2?
True
Is 2052040 a multiple of 58?
True
Does 341 divide 577654?
True
Is 17 a factor of 5367164?
False
Does 229 divide 861494?
False
Does 35 divide 5045425?
True
Is 982184 a multiple of 28?
True
Is 144990 a multiple of 810?
True
Is 6 a factor of 4279488?
True
Is 13 a factor of 1207119?
False
Is 209172 a multiple of 40?
False
Does 43 divide 19436922?
False
Is 204747 a multiple of 15?
False
Is 1535225 a multiple of 19?
False
Is 53 a factor of 184811?
True
Is 11 a factor of 3252557?
True
Does 31 divide 11794384?
True
Does 6 divide 36690?
True
Is 2562652 a multiple of 341?
False
Is 36 a factor of 238520?
False
Does 88 divide 74536?
True
Is 2077659 a multiple of 23?
True
Is 17278056 a multiple of 108?
True
Is 1924632 a multiple of 9?
True
Is 254124 a multiple of 7?
False
Is 88620 a multiple of 2?
True
Is 1126410 a multiple of 11?
False
Is 49 a factor of 4538870?
True
Does 388 divide 304192?
True
Is 344670 a multiple of 147?
False
Is 66 a factor of 165660?
True
Does 63 divide 328356?
True
Is 57557 a multiple of 15?
False
Is 6193402 a multiple of 1201?
False
Does 711 divide 9006948?
True
Is 851705 a multiple of 32?
False
Is 9745106 a multiple of 12?
False
Is 29 a factor of 7434?
False
Is 4 a factor of 478417?
False
Is 24 a factor of 275208?
True
Is 678368 a multiple of 116?
True
Does 200 divide 1103252?
False
Does 53 divide 1042510?
True
Is 22 a factor of 2090?
True
Is 32 a factor of 12706080?
True
Does 98 divide 7253176?
True
Is 1666062 a multiple of 6?
True
Is 173 a factor of 19802099?
True
Is 611680 a multiple of 10?
True
Is 828 a factor of 1788480?
True
Is 1144800 a multiple of 120?
True
Does 28 divide 351141?
False
Is 1080602 a multiple of 143?
False
Does 16 divide 1693150?
False
Is 1642143 a multiple of 60?
False
Does 10 divide 20060?
True
Is 79656 a multiple of 12?
True
Does 341 divide 736166?
False
Is 495980 a multiple of 10?
True
Is 1277991 a multiple of 27?
True
Does 52 divide 2074124?
True
Is 249 a factor of 9462?
True
Is 763 a factor of 1745759?
False
Does 7 divide 141757?
True
Is 44 a factor of 1405586?
False
Does 374 divide 59092?
True
Is 2854332 a multiple of 108?
True
Is 2548560 a multiple of 740?
True
Is 26810667 a multiple of 904?
False
Does 33 divide 668643?
False
Is 13579824 a multiple of 24?
True
Is 43 a factor of 2995922?
False
Does 318 divide 11130?
True
Is 14455534 a multiple of 533?
False
Does 1150 divide 12462349?
False
Is 3 a factor of 114387?
True
Is 2035660 a multiple of 19?
True
Is 2 a factor of 2231985?
False
Is 3319224 a multiple of 6?
True
Is 1367250 a multiple of 30?
True
Is 17712 a multiple of 432?
True
Is 270975 a multiple of 15?
True
Is 7 a factor of 19147?
False
Does 266 divide 24635324?
True
Does 70 divide 977865?
False
Is 439774 a multiple of 163?
True
Is 2023368 a multiple of 24?
True
Is 417333 a multiple of 51?
True
D